{"id":2,"date":"2017-05-05T12:31:02","date_gmt":"2017-05-05T10:31:02","guid":{"rendered":"http:\/\/mallorie-houssais.com\/?page_id=2"},"modified":"2017-09-26T22:02:55","modified_gmt":"2017-09-26T20:02:55","slug":"page-d-exemple","status":"publish","type":"page","link":"https:\/\/mallorie-houssais.com\/index.php\/page-d-exemple\/","title":{"rendered":"Contact"},"content":{"rendered":"<p style=\"text-align: center;\">Pour toutes demandes d&rsquo;informations suppl\u00e9mentaires, n&rsquo;h\u00e9sitez pas \u00e0 me contacter.<\/p>\n<p style=\"text-align: center;\">A bient\u00f4t !<\/p>\n<p style=\"text-align: center;\"><img loading=\"lazy\" decoding=\"async\" class=\"alignnone size-large wp-image-356\" src=\"http:\/\/mallorie-houssais.com\/wp-content\/uploads\/2017\/05\/2contact-1024x690.jpg\" alt=\"\" width=\"940\" height=\"633\" srcset=\"https:\/\/mallorie-houssais.com\/wp-content\/uploads\/2017\/05\/2contact-1024x690.jpg 1024w, https:\/\/mallorie-houssais.com\/wp-content\/uploads\/2017\/05\/2contact-300x202.jpg 300w, https:\/\/mallorie-houssais.com\/wp-content\/uploads\/2017\/05\/2contact-768x517.jpg 768w, https:\/\/mallorie-houssais.com\/wp-content\/uploads\/2017\/05\/2contact-940x633.jpg 940w, https:\/\/mallorie-houssais.com\/wp-content\/uploads\/2017\/05\/2contact.jpg 2000w\" sizes=\"(max-width: 940px) 100vw, 940px\" \/><\/p>\n","protected":false},"excerpt":{"rendered":"<p>Pour toutes demandes d&rsquo;informations suppl\u00e9mentaires, n&rsquo;h\u00e9sitez pas \u00e0 me contacter. A bient\u00f4t !<\/p>\n","protected":false},"author":1,"featured_media":0,"parent":0,"menu_order":0,"comment_status":"closed","ping_status":"open","template":"","meta":{"footnotes":""},"_links":{"self":[{"href":"https:\/\/mallorie-houssais.com\/index.php\/wp-json\/wp\/v2\/pages\/2"}],"collection":[{"href":"https:\/\/mallorie-houssais.com\/index.php\/wp-json\/wp\/v2\/pages"}],"about":[{"href":"https:\/\/mallorie-houssais.com\/index.php\/wp-json\/wp\/v2\/types\/page"}],"author":[{"embeddable":true,"href":"https:\/\/mallorie-houssais.com\/index.php\/wp-json\/wp\/v2\/users\/1"}],"replies":[{"embeddable":true,"href":"https:\/\/mallorie-houssais.com\/index.php\/wp-json\/wp\/v2\/comments?post=2"}],"version-history":[{"count":7,"href":"https:\/\/mallorie-houssais.com\/index.php\/wp-json\/wp\/v2\/pages\/2\/revisions"}],"predecessor-version":[{"id":376,"href":"https:\/\/mallorie-houssais.com\/index.php\/wp-json\/wp\/v2\/pages\/2\/revisions\/376"}],"wp:attachment":[{"href":"https:\/\/mallorie-houssais.com\/index.php\/wp-json\/wp\/v2\/media?parent=2"}],"curies":[{"name":"wp","href":"https:\/\/api.w.org\/{rel}","templated":true}]}}